35 + -4990. Let c = s + 2161. Let f(k) = 17*k**2 + 1. Calculate the remainder when f(-1) is divided by c.
0
Let h be (-10)/(-6) - (-1)/3. Let j(u) = 3*u**3 - u**2 - u - 1. Let z = 2144 + -2134. What is the remainder when j(h) is divided by z?
7
Suppose 102*f + 163 = 2611. Calculate the remainder when 404 is divided by f.
20
Let j(q) = -3*q + 15. Let s be j(5). Suppose s = 4*t + 2*t - 276. Let g(a) = -a**3 + 8*a**2 + 5*a + 10. Calculate the remainder when g(-4) is divided by t.
44
Suppose 6*j - 4*j + 6 = 0, -27 = 4*t - 3*j. Let i(w) = w**2 - 8*w - 56. What is the remainder when i(t) is divided by 9 + 2 + 0 + 0?
9
Let k(w) = -w**3 + 9*w**2 + 6*w - 9. Suppose -g + 5*g - 128 = 0. What is the remainder when k(4) is divided by g?
31
Let c = -201 + 205. Suppose -370 = -5*r + 3*p, -c*r - p + 340 - 27 = 0. Calculate the remainder when 226 is divided by r.
72
Let j(m) = -12*m + 242. Calculate the remainder when j(11) is divided by 45.
20
Let f = -2573 - -2731. Calculate the remainder when f is divided by 15.
8
Let v = -23 + 15. Let g(p) = -10*p + 3*p**2 - 4*p**2 - 26*p + 19*p + 2. Calculate the remainder when g(v) is divided by 27.
20
Suppose -23*m + 18*m = -x - 1850, 3*m - 1110 = -3*x. What is the remainder when m is divided by 6?
4
Let i(p) = -p - 9. Let b be i(5). Let l = 10 - b. Let z = -1877 - -2090. Calculate the remainder when z is divided by l.
21
Suppose -43*m - 1 - 85 = 0. What is the remainder when 320 is divided by (-54)/(-15)*-1*(-3 + m)?
14
Let a be 2*1 + 2 + -13. Let d(g) = -31*g - 1045. Let q be d(-34). Calculate the remainder when 35 is divided by 19*(q/(-6))/(a/6).
16
Suppose -3*s - 44 = h, -3*h + 22 = -4*s + 2*s. Let m(o) = -8*o - 102. What is the remainder when 18 is divided by m(s)?
8
Let p be (-1)/(-2)*-2*-5. Let r(i) = -2*i + 14. Let w be r(p). Suppose -w*j - 4*n + 72 = 0, -2*n - 15 = -j - 3. Calculate the remainder when 52 is divided by j.
4
Suppose -5*v = -3*s - 2, 5*v + 22 = -2*s - s. Suppose -4*b - b + 265 = 0. Calculate the remainder when b is divided by (v - (-6)/5)/((-40)/700).
11
Suppose -2*f = 10, 2*i = -3*f - 166 + 165. What is the remainder when 56 is divided by i?
0
Let v be ((-1961)/(-265))/(2/30). Suppose -v*k - 11 = -112*k. What is the remainder when 218 is divided by k?
9
Suppose c = u - 41 - 59, -u + 5*c + 104 = 0. What is the remainder when 172 is divided by u?
73
Suppose 0 = 3*v - y - 217, -2*y = -3*v - 23 + 241. Let r(n) = n**3 - 8*n**2 - 6*n - 8. Calculate the remainder when r(10) is divided by v.
60
Suppose -18*s + 330 = -1308. What is the remainder when 2452 is divided by s?
86
Suppose -326 = -149*q + 888 - 22. Suppose -66 - 484 = -5*n. What is the remainder when n is divided by q?
6
Suppose 5*i = 20, -6*i + 105 = -z - 10*i. Let j = 360 + z. Calculate the remainder when j is divided by 5.
4
Suppose -269*d = -180*d + 444*d - 77818. Calculate the remainder when 405 is divided by d.
113
Suppose 0 = l, 6*l = -5*o + l. Let c = 3 - o. Suppose c*h - 41 - 7 = 0. Calculate the remainder when h is divided by 3.
1
Suppose 3*l + 2*k = 19, -l + 2*l - k = -2. Suppose -3*m - l*o + 2*o = -38, -4 = o. Suppose -t + m = t. What is the remainder when t is divided by 3?
1
Let v(w) = 5*w**2 + 5*w - 25. Suppose -65*y + 78*y - 52 = 0. What is the remainder when v(3) is divided by y?
3
Suppose -5*t + 5*z = -1320, 5*t - 9*t - z = -1061. Let a = t + -213. Calculate the remainder when a is divided by 19.
14
Let x = 257 + -183. Let y(q) = 12*q**2 + 23*q + 79. What is the remainder when y(-8) is divided by x?
71
Suppose 0 = -8*d + 3*d + 75. Suppose -3*o - 5*s + 70 = 0, -5*o + 129 = 3*s - 7*s. Suppose o = 6*a - 5. What is the remainder when d is divided by a?
0
Let f be 0/(3/1 + -1). Let r(w) = 7*w + 41. Let n be r(f). Suppose -2*y + n = a + y, y = -2. Calculate the remainder when 138 is divided by a.
44
Let g(z) = 9*z**2 + 357*z - 145. Calculate the remainder when g(-53) is divided by 28.
27
Let n = -94 - 88. Let z = -107 - n. What is the remainder when 597 is divided by z?
72
Let n(b) = 69 + 54 - 4*b - 95. Calculate the remainder when (118/(-3))/(2/(-6)) is divided by n(4).
10
Suppose 4*s + 1003 = 3*r, -9*r + 6*r = 2*s - 997. What is the remainder when r is divided by 6?
3
Let l be (-42)/12*(-4 + (-90)/(-35)). Suppose 2*z + l*m - 227 = 0, z + m = 4*m + 86. Calculate the remainder when z is divided by 30.
11
Let t(m) = 4*m - 3. Let b be t(4). Let x(v) = 140*v + 64. Let z(c) = -6*c - 1. Let p(u) = -x(u) - 24*z(u). Calculate the remainder when p(b) is divided by 7.
5
Calculate the remainder when (-6 - 2) + 14 - -4953 - 2 is divided by 40.
37
What is the remainder when 510 is divided by 18/14 + (-12818)/(-119) + 19?
126
Let p = -33 - -26. Let o be (-6)/21 - (-12)/p. What is the remainder when 84 is divided by (-57)/(-3) - o - (0 - -4)?
16
Suppose 0 = 23*j - 15*j - 40. Suppose j*c + 2*d = 315, 3*d + 145 = -c + 3*c. Calculate the remainder when c is divided by 39.
26
Calculate the remainder when (76/(-20) - (5 - 9))*(1258 + -73) is divided by 14 - (-2 + 2)/2.
13
Suppose 0*o - u = -4*o - 794, 2*u = 4. Let s = o + 250. What is the remainder when 201 is divided by s?
45
Let z(t) = t**2 - 13069*t + 91452. Suppose 0 = -4*n + 5*n - 195. Calculate the remainder when n is divided by z(7).
15
Let y = 38 + -24. Let m(h) = -3*h**2 - 122*h - 463. Calculate the remainder when m(-36) is divided by y.
13
Suppose -20 = -1190*o + 1192*o - 2*k, 0 = 10*o + 5*k - 140. Suppose -h + 5*d + 275 = 0, 2*h - 5*h = -4*d - 792. What is the remainder when h is divided by o?
2
Suppose 5*a - 18 = 3*v - 2*v, 0 = 5*a + 4*v - 3. Suppose 26 = a*u - 73. Let g = -11 + u. What is the remainder when g is divided by 13?
9
Suppose 2*p = -5*r - 142, 87 = -17*r + 14*r - 3*p. What is the remainder when 276 is divided by 0 - 74/(-7) - r/(-49)?
6
Let c(w) = 4*w + 505. Let t be c(0). Suppose 0 = 28*m - t - 111. What is the remainder when 53 is divided by m?
9
Suppose -2*w - 44 = -4*w. Suppose 19*u - w*u = -2*t - 95, -t + 110 = 3*u. What is the remainder when 127 is divided by u?
22
Let h(a) = -27*a - 57. What is the remainder when 188 is divided by h(-4)?
35
Let p(w) be the first derivative of w**4/2 - 49*w**3/3 + 27*w**2/2 - w - 18. What is the remainder when p(24) is divided by 26?
19
Suppose 29*x + 7316 = -2*x. Let o = x + 271. What is the remainder when o is divided by (-2)/5 - (-184)/10?
17
Suppose 0 = -3*q + 5*l - 2*l + 336, 0 = 2*q - l - 224. Suppose k + 2*z = q, 0 = 3*k + z - 156 - 175. Calculate the remainder when k is divided by 15.
5
Suppose 1570 = 36*j - 770. What is the remainder when 4158 is divided by j?
63
Let u(r) = -r**3 - 15*r**2 - 18*r - 6. Suppose 7*n = -38 - 60. Let x be u(n). Suppose -g + x = 4. Calculate the remainder when 89 is divided by g.
43
What is the remainder when 81 is divided by (-2 + 4 - 1)*(-2755)/(-95)?
23
Calculate the remainder when 418 is divided by (464/(-16) + 26)*(-1 + -6).
19
Suppose 104*i - 311 - 1724 = 1085. What is the remainder when 577 is divided by i?
7
Let i(h) = -70*h - 407. Let u be i(-6). Suppose -u*s = -54*s + 2173. Calculate the remainder when 159 is divided by s.
0
Let a(s) = 65*s**2 + 2*s - 2. Let d be a(1). Let i = -57 + d. Calculate the remainder when 20/((-10)/6 - -2) is divided by i.
4
Let w = -78 - -74. Let k be (9 + w)*(-18)/(-15). Suppose 0 = -g - k*g + 98. What is the remainder when 40 is divided by g?
12
Let n be 12*1 - (12 + -12). Let d = 27 - 19. Calculate the remainder when 63*(70/75 + n/(-20)) is divided by d.
5
Suppose 0*q + q = 23. Let n = 4464 + -4460. What is the remainder when q is divided by n?
3
What is the remainder when (-579618)/(-1794) - 2/23 is divided by 111?
101
Suppose 0 = -41*z - 2125 + 6594. Calculate the remainder when z is divided by 28.
25
Suppose 3*m + 2*d - 152 = 0, -4*m - 3*d + 111 + 94 = 0. Suppose 2*h = 2*l + 364, 0*h = -2*h - l + 358. Calculate the remainder when h is divided by m.
42
Suppose 4*r - 20 = 0, 0 = 43*i - 40*i + 5*r - 6481. What is the remainder when i is divided by 51?
10
Let k(v) = -v**2 + 15*v - 41. Let q = -234 - -240. Calculate the remainder when 23 is divided by k(q).
10
Let i(t) = t**2 + 8*t + 6. Suppose -9*u - 590 = -626. Calculate the remainder when 65 is divided by i(u).
11
Let w = 9641 - 8719. Calculate the remainder when w is divided by 20.
2
Let u = 9291 - 9196. Ca